its digit of m(t)?
2
Let v = -326 + 380. What is the units digit of -168*46*(-9)/v?
8
Suppose -861180 = -78*r + 18*r. What is the hundreds digit of r?
3
Let a = 6569 + -3913. What is the tens digit of a?
5
Suppose 0 = -5*u + 2*z + 20346, 4*u - 9*z - 16286 = -12*z. What is the tens digit of u?
7
Suppose 53*r = 40*r + 1833. Suppose r = -21*z + 4656. What is the units digit of z?
5
Let u be (-1419)/66*(2*-1)/1. Let x = u - 40. Suppose 0*g + 87 = x*g. What is the tens digit of g?
2
Suppose -4*z - 217 - 91 = -x, 2*z + 604 = 2*x. Suppose -3*u - 4*l + 226 = 0, 5*u - u = -4*l + x. What is the units digit of u?
4
Suppose 0 = -n - t + 18244, 5*n = -t + 107808 - 16604. What is the tens digit of n?
4
What is the hundreds digit of (1/(-2))/((-13 - -20)/(-7714))?
5
Let u be (-2)/12 - (-22)/(-12). Let d be (-2)/u*0/(-6). Suppose d = 16*l - 14*l - 182. What is the tens digit of l?
9
Let a(b) = b**2 + 16*b + 16. Let p be a(-15). Let m(s) = 0*s**2 + 20 - p + 1 - 17*s + 2*s**2. What is the units digit of m(15)?
5
What is the thousands digit of ((-308)/(-140))/(8/32920)?
9
Let k be 2/(-26) + (-17630)/(-26). Suppose 6*q + k = 4152. What is the tens digit of q?
7
Let h(j) = -1425*j - 20. What is the hundreds digit of h(-4)?
6
Suppose -3*f + 4 + 5 = 0. Let o be 2*3*(234/27 - 8). Suppose 0 = 2*m, 0 = f*p + o*m - 7*m - 213. What is the tens digit of p?
7
What is the ten thousands digit of ((-27)/6 + 3)*-8741*(-8)/(-3)?
3
What is the hundreds digit of (2 + (4 - 9))/(15/(-10145))?
0
Suppose 0*x = -8*x + 1160. Suppose -149*p = -x*p - 892. What is the units digit of p?
3
Let t be (5/(-25))/(6/(-15))*8. Let x(l) = 2*l**3 - 5*l**2 + 6*l + 2. Let s be x(t). Let j = s + -36. What is the units digit of j?
8
Suppose -38*o = -36*o - 4. Suppose 4*d - 3*n = 5*d - 183, 593 = 3*d - o*n. What is the units digit of d?
5
What is the tens digit of ((132 + 22424)/(-1 - 0))/(-2 - 0)?
7
Let w = 109525 + -55401. What is the units digit of w?
4
Suppose 12*v = -v - 1755. Let k = v + 443. What is the hundreds digit of k?
3
Suppose -3*u + 8*u - 8 = -c, -3 = 3*u - 2*c. Let y be (u - 0)/((-4)/(-20)). Suppose x - y*m - 145 = 0, 3*x = 2*x + 2*m + 154. What is the tens digit of x?
6
Suppose 4*h = -19*g + 18*g + 8687, -h + 2138 = 4*g. What is the thousands digit of h?
2
Let j(w) be the first derivative of 35*w**2 + 93*w + 124. What is the units digit of j(4)?
3
Let d(v) = v**3 - 2*v**2 - 2*v + 6. Let a be d(3). Let z be (-2)/(-5)*(-90)/a. What is the units digit of 2*51/(-24)*z?
7
Let n(g) = 20*g**2 + 23*g + 29. What is the tens digit of n(-19)?
1
Let g = 7977 - 1091. What is the units digit of g?
6
Suppose 5*o = -4*t + 43326, 495*o - 17308 = 493*o + 4*t. What is the tens digit of o?
6
Let u be (-18)/99 - 5892/22. Let z = u + 584. What is the units digit of z?
6
Let q be 2/(-6) - (2 + 10/(-3)). Let v be -445*(q/1)/(-1). Suppose -13*b + v = -8*b. What is the units digit of b?
9
Suppose -d + 4*h - 5 = 0, -5*d = -10*d + 5*h + 20. Suppose -1364 = d*g - 18*g. What is the hundreds digit of g?
1
Let z be (-1 - (-11)/7) + 276672/924. What is the units digit of (z/(-40))/((-2)/52)?
5
Suppose 4*m = -l + 4630, 3*m - 14480 - 4066 = -4*l. What is the hundreds digit of l?
6
Let o = 383 + -377. What is the hundreds digit of (o + 16)*(-97)/(-2)?
0
Suppose x + 10 + 80 = 4*t, 4*x = t - 30. Let v(n) = 11*n + 114. What is the tens digit of v(t)?
5
Let a(n) = -15*n - 96. Let r be a(-6). What is the tens digit of r/(-15)*27855/18?
1
Let y = -38 - -13552. What is the ten thousands digit of y?
1
Let y = 65228 - 23062. What is the tens digit of y?
6
Let t = 1614 + -93. Let a = t - 1005. What is the units digit of a?
6
Let o = -240 + 336. Let n = o + 1113. What is the hundreds digit of ((-20)/7)/(-10) + n/7?
1
Let x(v) = -4*v - 18. Let a be x(-6). Let g(n) = 227*n**2 - 6*n + 9. Let l be g(a). What is the units digit of (0 - (-4)/(-14)) + l/63?
9
Let c = 4318 + -877. What is the thousands digit of c?
3
Let y(p) be the second derivative of -p**4/12 - p**3/2 + 126*p**2 - 159*p. What is the hundreds digit of y(0)?
2
Let h(y) = -4*y**2 + 6*y - 2 + 8*y**2 - 3 - 5*y**2. Let p be h(4). Suppose p*z - 475 = -5*x, x + 2*z - 3*z - 95 = 0. What is the units digit of x?
5
Let a(d) = 68 - 13*d**2 + 18*d + 19*d**2 - d**2 + 12*d**2. What is the hundreds digit of a(-7)?
7
Let r = -3423 + 5564. Let o = r - 848. What is the units digit of o?
3
Let k = -450 + 474. Let v(m) = -m**3 + 24*m**2 + 23*m + 5. What is the hundreds digit of v(k)?
5
Suppose 0 = -0*b + 11*b - 572. Let y be (36/(-15))/(3/40). Let k = y + b. What is the tens digit of k?
2
Suppose -141572 = -3*k - 2*u, -58665 = -k + 5*u - 11514. What is the hundreds digit of k?
1
Let r(m) = 19*m**3 - m**2 + 3*m - 1. Let w be r(5). Suppose -14*f + 8*f = -w. What is the tens digit of f?
9
Let f(s) = -s**3 + 14*s**2 - 7*s + 29. Let x be f(9). Suppose l - 5*u + x - 1714 = 0, 1313 = l + u. What is the tens digit of l?
1
Suppose -2*d = -p + 3, p - 4*d = -0*p - 5. Let f = p - -81. What is the units digit of f?
2
What is the units digit of (-10569)/(-27) + -2 + -5 + (-82)/(-18)?
9
Let g be ((-6)/18)/((-26)/24 - -1). Suppose 4*i - 5559 = -5*h, g*h + 134 = i - 1240. What is the hundreds digit of i?
3
Suppose d - 1 = x, 2*x - 6*x + 11 = -d. Suppose -5*s - u + 0*u = -1557, 4*s - 1260 = x*u. What is the tens digit of s?
1
Let m = 88 - 86. Let j be (-20)/((-8)/m) + (4 - 7). Suppose -j*t = 4*z - 142, 125 = 4*z + 4*t - 27. What is the units digit of z?
3
Let s = 20654 + -10505. What is the units digit of (-25)/15 + s/9?
6
Let o = 7865 + -2359. What is the tens digit of o?
0
Let q = 67 - 72. Let i be 14/2 + 15/q + 0. Suppose 8*w - i*w - 344 = 0. What is the units digit of w?
6
Suppose 161 = 127*c - 134*c. Let q(z) = 99*z**3 - z**2 + 2*z - 1. Let s be q(1). Let x = s + c. What is the tens digit of x?
7
Let z(i) = 2*i**2 + 42*i - 44. Let l be z(-22). Suppose l = 115*x - 107*x - 1368. What is the tens digit of x?
7
Let i(x) = 17*x**2 - 20*x + 331. What is the tens digit of i(13)?
4
Let j(b) = 60*b**3 + 4*b**2 - 7*b + 4. Let o be j(1). Suppose 4*m - 464 = 5*q + 227, -2*q + 3*m = 282. Let c = o - q. What is the tens digit of c?
9
Let g(p) = 62 + 227*p + 20 - 140*p. What is the units digit of g(5)?
7
Let u(y) = -y**2 - 4*y + 31. Let w be u(0). Let s = -33 + w. What is the units digit of s*(99/(-6) - -1)?
1
Let k(h) = 4*h**2 - 4*h + 2*h + 6*h - 16 - h. Let g be 8 + (-1)/((-4)/(-16)). What is the tens digit of k(g)?
6
Suppose -17*x + 13*x = -8. Suppose 2*w + 0*w = 10, x*w = n - 1316. What is the units digit of n?
6
Let o(g) = 34 + 23*g**2 + 14*g - 12 + 63*g**2 - 3*g - g. What is the hundreds digit of o(-4)?
3
Let m = 7221 - -1611. What is the hundreds digit of m?
8
Suppose 0 = -5*f - 232 - 53. Let i = -226 - -120. Let x = f - i. What is the units digit of x?
9
Suppose -159*t + 918620 = -28*t - 16*t. What is the tens digit of t?
8
Let m(w) = -w**3 - 32*w**2 + 23*w - 29. Let i(j) = -2*j**3 - 66*j**2 + 45*j - 57. Let h(u) = 3*i(u) - 7*m(u). What is the tens digit of h(-26)?
0
Let d(c) = 147*c**2 + 109*c + 326. What is the tens digit of d(-3)?
2
Let h(y) = -2601*y + 960. What is the ten thousands digit of h(-11)?
2
Suppose 470166 = -183*t - 311423 + 4105784. What is the ten thousands digit of t?
1
Suppose -5*g + 9*d = -197772, g = -0*d - 3*d + 39564. What is the thousands digit of g?
9
Suppose -11 + 23 = 6*d. Suppose 3*p + 2*s - 305 = 0, -d*p + 3*s = -126 - 99. What is the tens digit of p?
0
Let p = 14742 + -5462. What is the thousands digit of p?
9
What is the units digit of (-2)/((-18)/148171) + (19530/(-567) - -34)?
3
Let x = 282 + -158. Let z be (72 - -1)/((0 - -9)/27). Let v = z - x. What is the tens digit of v?
9
Let d be 3/2 + 9/18. Let l(c) = 43*c**3 - 6*c**2 + 2*c + 1. What is the tens digit of l(d)?
2
Let l(t) = 3*t**3 - 15*t**2 - 15*t - 5. Suppose -17 = -c + 5*k, -8 = 4*k - 0. What is the units digit of l(c)?
4
Let k(u) = 2472*u**2 - 274*u - 551. What is the tens digit of k(-2)?
8
Let u(f) = 3*f**2 - 2*f - 848. Let t be u(0). Let h = -80 - t. What is the tens digit of h?
6
Suppose -7 = 2*f + 13. Let u(n) = n**2 - 23*n + 7. What is the units digit of u(f)?
7
Let k = -111 + 118. What is the hundreds digit of (k/(-21))/((-2)/2382)?
3
Suppose 3*l - 5*l - 48699 = -5*q, l = -5*q + 48708. What is the hundreds dig